{"id":8,"date":"2019-05-25T09:21:53","date_gmt":"2019-05-25T07:21:53","guid":{"rendered":"http:\/\/192.168.9.104\/?page_id=8"},"modified":"2023-05-23T18:46:09","modified_gmt":"2023-05-23T16:46:09","slug":"unternehmen","status":"publish","type":"page","link":"https:\/\/ae-con.de\/","title":{"rendered":"Unternehmen"},"content":{"rendered":"\t\t<div data-elementor-type=\"wp-post\" data-elementor-id=\"8\" class=\"elementor elementor-8\">\n\t\t\t\t\t\t<section class=\"elementor-section elementor-top-section elementor-element elementor-element-9a26b1b elementor-section-boxed elementor-section-height-default elementor-section-height-default\" data-id=\"9a26b1b\" data-element_type=\"section\">\n\t\t\t\t\t\t<div class=\"elementor-container elementor-column-gap-default\">\n\t\t\t\t\t<div class=\"elementor-column elementor-col-100 elementor-top-column elementor-element elementor-element-ec90a64\" data-id=\"ec90a64\" data-element_type=\"column\">\n\t\t\t<div class=\"elementor-widget-wrap elementor-element-populated\">\n\t\t\t\t\t\t<div class=\"elementor-element elementor-element-711ddf8 elementor-widget elementor-widget-text-editor\" data-id=\"711ddf8\" data-element_type=\"widget\" data-widget_type=\"text-editor.default\">\n\t\t\t\t<div class=\"elementor-widget-container\">\n\t\t\t\t\t\t\t<p style=\"text-align: justify;\"><span style=\"font-size: 12pt;\">2018 wurde advanced erp consulting als quasi &#8222;Spin-Off&#8220; aus der IAS von \u00d6zg\u00fcr Yavuz und Cansever Sezer gegr\u00fcndet. Dabei steht die a<\/span><span style=\"font-size: 12pt;\">dvanced erp consulting f\u00fcr die nachhaltige Zusammenarbeit zwischen dem ERP-Hersteller und dem Anwenderunternehmen. Ohne eine effinziente Abbildung der Unternehmensprozesse in einer betrieblichen Unternehmenssoftware ist es auch in mittelst\u00e4ndischen Unternehmen schwierig die richtigen strategischen Entscheidungen zu treffen. Wir unterst\u00fctzen Sie nicht nur bei der Einf\u00fchrung und im Betrieb der ERP Software sondern stehen mit unserer fast 40 j\u00e4hrigen Expertise in allen IT-Fragen unterst\u00fctzend zur Seite. Langfristige, nachhaltige Zusammenarbeit mit unseren Kunden ist f\u00fcr uns selbstverst\u00e4ndlich. <br \/><\/span><\/p>\t\t\t\t\t\t<\/div>\n\t\t\t\t<\/div>\n\t\t\t\t\t<\/div>\n\t\t<\/div>\n\t\t\t\t\t<\/div>\n\t\t<\/section>\n\t\t\t\t<section class=\"elementor-section elementor-top-section elementor-element elementor-element-5eb104b elementor-section-boxed elementor-section-height-default elementor-section-height-default\" data-id=\"5eb104b\" data-element_type=\"section\">\n\t\t\t\t\t\t<div class=\"elementor-container elementor-column-gap-default\">\n\t\t\t\t\t<div class=\"elementor-column elementor-col-100 elementor-top-column elementor-element elementor-element-798475d\" data-id=\"798475d\" data-element_type=\"column\">\n\t\t\t<div class=\"elementor-widget-wrap elementor-element-populated\">\n\t\t\t\t\t\t<div class=\"elementor-element elementor-element-773d9ea elementor-widget elementor-widget-heading\" data-id=\"773d9ea\" data-element_type=\"widget\" data-widget_type=\"heading.default\">\n\t\t\t\t<div class=\"elementor-widget-container\">\n\t\t\t<h2 class=\"elementor-heading-title elementor-size-default\">Die Akteure:<\/h2>\t\t<\/div>\n\t\t\t\t<\/div>\n\t\t\t\t\t<\/div>\n\t\t<\/div>\n\t\t\t\t\t<\/div>\n\t\t<\/section>\n\t\t\t\t<section class=\"elementor-section elementor-top-section elementor-element elementor-element-65129e7 elementor-section-boxed elementor-section-height-default elementor-section-height-default\" data-id=\"65129e7\" data-element_type=\"section\">\n\t\t\t\t\t\t<div class=\"elementor-container elementor-column-gap-default\">\n\t\t\t\t\t<div class=\"elementor-column elementor-col-33 elementor-top-column elementor-element elementor-element-b42eb9a\" data-id=\"b42eb9a\" data-element_type=\"column\">\n\t\t\t<div class=\"elementor-widget-wrap elementor-element-populated\">\n\t\t\t\t\t\t<div class=\"elementor-element elementor-element-7518f18 elementor-widget elementor-widget-image\" data-id=\"7518f18\" data-element_type=\"widget\" data-widget_type=\"image.default\">\n\t\t\t\t<div class=\"elementor-widget-container\">\n\t\t\t\t\t\t\t\t\t\t\t\t\t<img fetchpriority=\"high\" decoding=\"async\" width=\"650\" height=\"560\" src=\"https:\/\/ae-con.de\/wp-content\/uploads\/2019\/06\/O\u0308zgu\u0308r-Yavuz.jpg\" class=\"attachment-large size-large wp-image-181\" alt=\"\" srcset=\"https:\/\/ae-con.de\/wp-content\/uploads\/2019\/06\/O\u0308zgu\u0308r-Yavuz.jpg 650w, https:\/\/ae-con.de\/wp-content\/uploads\/2019\/06\/O\u0308zgu\u0308r-Yavuz-300x258.jpg 300w\" sizes=\"(max-width: 650px) 100vw, 650px\" \/>\t\t\t\t\t\t\t\t\t\t\t\t\t<\/div>\n\t\t\t\t<\/div>\n\t\t\t\t\t<\/div>\n\t\t<\/div>\n\t\t\t\t<div class=\"elementor-column elementor-col-66 elementor-top-column elementor-element elementor-element-4e92073\" data-id=\"4e92073\" data-element_type=\"column\">\n\t\t\t<div class=\"elementor-widget-wrap elementor-element-populated\">\n\t\t\t\t\t\t<div class=\"elementor-element elementor-element-1f9a81a elementor-widget elementor-widget-text-editor\" data-id=\"1f9a81a\" data-element_type=\"widget\" data-widget_type=\"text-editor.default\">\n\t\t\t\t<div class=\"elementor-widget-container\">\n\t\t\t\t\t\t\t<p><span style=\"font-size: 14pt;\"><strong>\u00d6zg\u00fcr Yavuz<\/strong><\/span><\/p><p style=\"text-align: justify;\"><span style=\"font-size: 12pt;\">Nachdem Master of Science in Wirtschaftsingenieurwesen begann Herr Yavuz 1998 bei der Industrial Application Software Group als Berater. Im Jahr 2000 \u00fcbernahm er die Beratungsleitung f\u00fcr den asiatischen Raum. 2001 wechselte er als Senior Consultant und Programmierer zur Industrial Application Software in Deutschland. 2006 gr\u00fcndete er die IAS-Tochtergesellschaft in Turin, Italien und kehrte 2007 nach Deutschland zur\u00fcck. 2012 wurde er zum Prokuristen berufen. Zwischen 2014 und 2016 war er als International Partner Manager t\u00e4tig und baute Partnerschaften in Belgien, den Niederlanden, Litauen und S\u00fcdkorea auf. Von 2014 bis 2018 betreute er den gesamten technischen Betrieb in Europa. 2018 startete er die ersten Aktivit\u00e4ten der advanced erp consulting.<br \/><\/span><\/p><p style=\"text-align: justify;\"><span style=\"font-size: 12pt;\">\u00a0<\/span><\/p>\t\t\t\t\t\t<\/div>\n\t\t\t\t<\/div>\n\t\t\t\t\t<\/div>\n\t\t<\/div>\n\t\t\t\t\t<\/div>\n\t\t<\/section>\n\t\t\t\t<section class=\"elementor-section elementor-top-section elementor-element elementor-element-4e7820b elementor-section-boxed elementor-section-height-default elementor-section-height-default\" data-id=\"4e7820b\" data-element_type=\"section\">\n\t\t\t\t\t\t<div class=\"elementor-container elementor-column-gap-default\">\n\t\t\t\t\t<div class=\"elementor-column elementor-col-66 elementor-top-column elementor-element elementor-element-39083f7\" data-id=\"39083f7\" data-element_type=\"column\">\n\t\t\t<div class=\"elementor-widget-wrap elementor-element-populated\">\n\t\t\t\t\t\t<div class=\"elementor-element elementor-element-8cab609 elementor-widget elementor-widget-text-editor\" data-id=\"8cab609\" data-element_type=\"widget\" data-widget_type=\"text-editor.default\">\n\t\t\t\t<div class=\"elementor-widget-container\">\n\t\t\t\t\t\t\t<p style=\"text-align: justify;\"><strong><span style=\"font-size: 14pt;\">Cansever Sezer<\/span><\/strong><\/p><p style=\"text-align: justify;\"><span style=\"font-size: 12pt;\">Nach dem Logistik-Studium an der Fachhochschule Pforzheim begann Herr Sezer 1999 sein Berufsleben bei einem Softwarehersteller f\u00fcr Servicemanagement- und CRM-Software. Im Jahr 2000 kam er als Consultant zur Industrial Application Software nach Karlsruhe. Im weiteren Verlauf war er als Senior Consultant, und Head of Consulting t\u00e4tig. 2007 \u00fcbernahm er die Position des Qualit\u00e4tsmanagementbeauftragten sowie die Betreuung des Presales. Von 2011 bis 2016 war er als Gesch\u00e4ftsf\u00fchrer der IAS t\u00e4tig. 2017 wechselte er als Gesch\u00e4ftsf\u00fchrer und COO zur MHP Software GmbH. 2018 verantwortete er als Head of Sales den Bereich Businesssoftware bei der Konica-Minolta Software GmbH in Stuttgart. Anfang 2019 stie\u00df er zur advanced erp consulting dazu und treibt seitdem den Ausbau des Vertriebs und der Beratung voran.<\/span><\/p><p style=\"text-align: justify;\"><span style=\"font-size: 12pt;\">\u00a0<\/span><\/p>\t\t\t\t\t\t<\/div>\n\t\t\t\t<\/div>\n\t\t\t\t\t<\/div>\n\t\t<\/div>\n\t\t\t\t<div class=\"elementor-column elementor-col-33 elementor-top-column elementor-element elementor-element-ec8d2ab\" data-id=\"ec8d2ab\" data-element_type=\"column\">\n\t\t\t<div class=\"elementor-widget-wrap elementor-element-populated\">\n\t\t\t\t\t\t<div class=\"elementor-element elementor-element-9861fac elementor-widget elementor-widget-image\" data-id=\"9861fac\" data-element_type=\"widget\" data-widget_type=\"image.default\">\n\t\t\t\t<div class=\"elementor-widget-container\">\n\t\t\t\t\t\t\t\t\t\t\t\t\t<img decoding=\"async\" width=\"650\" height=\"602\" src=\"https:\/\/ae-con.de\/wp-content\/uploads\/2019\/06\/8331_Sezer_stehend_1-Kopie.png\" class=\"attachment-large size-large wp-image-183\" alt=\"\" srcset=\"https:\/\/ae-con.de\/wp-content\/uploads\/2019\/06\/8331_Sezer_stehend_1-Kopie.png 650w, https:\/\/ae-con.de\/wp-content\/uploads\/2019\/06\/8331_Sezer_stehend_1-Kopie-300x278.png 300w\" sizes=\"(max-width: 650px) 100vw, 650px\" \/>\t\t\t\t\t\t\t\t\t\t\t\t\t<\/div>\n\t\t\t\t<\/div>\n\t\t\t\t\t<\/div>\n\t\t<\/div>\n\t\t\t\t\t<\/div>\n\t\t<\/section>\n\t\t\t\t<\/div>\n\t\t","protected":false},"excerpt":{"rendered":"<p>2018 wurde advanced erp consulting als quasi &#8222;Spin-Off&#8220; aus der IAS von \u00d6zg\u00fcr Yavuz und Cansever Sezer gegr\u00fcndet. Dabei steht die advanced erp consulting f\u00fcr die nachhaltige Zusammenarbeit zwischen dem ERP-Hersteller und dem Anwenderunternehmen. Ohne eine effinziente Abbildung der Unternehmensprozesse in einer betrieblichen Unternehmenssoftware ist es auch in mittelst\u00e4ndischen Unternehmen schwierig die richtigen strategischen Entscheidungen [&hellip;]<\/p>\n","protected":false},"author":11,"featured_media":0,"parent":0,"menu_order":0,"comment_status":"closed","ping_status":"closed","template":"","meta":{"_monsterinsights_skip_tracking":false,"_monsterinsights_sitenote_active":false,"_monsterinsights_sitenote_note":"","_monsterinsights_sitenote_category":0},"_links":{"self":[{"href":"https:\/\/ae-con.de\/index.php\/wp-json\/wp\/v2\/pages\/8"}],"collection":[{"href":"https:\/\/ae-con.de\/index.php\/wp-json\/wp\/v2\/pages"}],"about":[{"href":"https:\/\/ae-con.de\/index.php\/wp-json\/wp\/v2\/types\/page"}],"author":[{"embeddable":true,"href":"https:\/\/ae-con.de\/index.php\/wp-json\/wp\/v2\/users\/11"}],"replies":[{"embeddable":true,"href":"https:\/\/ae-con.de\/index.php\/wp-json\/wp\/v2\/comments?post=8"}],"version-history":[{"count":50,"href":"https:\/\/ae-con.de\/index.php\/wp-json\/wp\/v2\/pages\/8\/revisions"}],"predecessor-version":[{"id":808,"href":"https:\/\/ae-con.de\/index.php\/wp-json\/wp\/v2\/pages\/8\/revisions\/808"}],"wp:attachment":[{"href":"https:\/\/ae-con.de\/index.php\/wp-json\/wp\/v2\/media?parent=8"}],"curies":[{"name":"wp","href":"https:\/\/api.w.org\/{rel}","templated":true}]}}